{"id":9,"date":"2024-06-25T09:46:36","date_gmt":"2024-06-25T07:46:36","guid":{"rendered":"https:\/\/www.congressi.unisi.it\/rau\/?page_id=9"},"modified":"2024-07-01T10:10:54","modified_gmt":"2024-07-01T08:10:54","slug":"9-2","status":"publish","type":"page","link":"https:\/\/www.congressi.unisi.it\/rau\/","title":{"rendered":"HUMAN TOUCH 2.0:OLTRE L\u2019IA NELL\u2019UNIVERSITA\u2019 DEL DOMANI"},"content":{"rendered":"\n<div class=\"wp-block-group alignfull has-accent-2-background-color has-background has-global-padding is-layout-constrained wp-container-core-group-is-layout-2 wp-block-group-is-layout-constrained\" style=\"margin-top:0;margin-bottom:0;padding-top:var(--wp--preset--spacing--50);padding-right:var(--wp--preset--spacing--50);padding-bottom:var(--wp--preset--spacing--50);padding-left:var(--wp--preset--spacing--50)\">\n<div class=\"wp-block-group alignwide has-global-padding is-layout-constrained wp-block-group-is-layout-constrained\">\n<div class=\"wp-block-columns alignwide is-layout-flex wp-container-core-columns-is-layout-1 wp-block-columns-is-layout-flex\">\n<div class=\"wp-block-column is-layout-flow wp-block-column-is-layout-flow\" style=\"flex-basis:100%\">\n<figure class=\"wp-block-image aligncenter size-full is-resized is-style-rounded is-style-rounded--1\"><img loading=\"lazy\" decoding=\"async\" width=\"772\" height=\"195\" src=\"https:\/\/www.congressi.unisi.it\/rau\/wp-content\/uploads\/sites\/158\/2024\/06\/rau-banner-loghi.png\" alt=\"\" class=\"wp-image-60\" style=\"width:748px;height:auto\"\/><\/figure>\n\n\n\n<p class=\"has-text-align-center has-x-large-font-size\">Siena, 7-9 novembre 2024<\/p>\n\n\n\n<p class=\"has-text-align-center has-large-font-size\">Presidio Mattioli<br>Via Pier Andrea Mattioli, 10 &#8211; 53100 Siena<\/p>\n<\/div>\n<\/div>\n<\/div>\n\n\n\n<div style=\"height:var(--wp--preset--spacing--40)\" aria-hidden=\"true\" class=\"wp-block-spacer\"><\/div>\n\n\n\n<figure class=\"wp-block-image alignwide size-full is-style-rounded is-style-rounded--2\"><img loading=\"lazy\" decoding=\"async\" width=\"1748\" height=\"1240\" src=\"http:\/\/www.congressi.unisi.it\/rau\/wp-content\/uploads\/sites\/158\/2024\/06\/foto-home.png\" alt=\"\" class=\"wp-image-10\"\/><\/figure>\n<\/div>\n\n\n\n<div class=\"wp-block-group alignfull has-base-background-color has-background is-vertical is-content-justification-stretch is-layout-flex wp-container-core-group-is-layout-3 wp-block-group-is-layout-flex\" style=\"margin-top:0;margin-bottom:0;padding-top:var(--wp--preset--spacing--50);padding-right:var(--wp--preset--spacing--50);padding-bottom:var(--wp--preset--spacing--50);padding-left:var(--wp--preset--spacing--50)\">\n<p>Care Colleghe, Cari Colleghi,<\/p>\n\n\n\n<p>come gi\u00e0 anticipato, quest\u2019anno il <strong>Convegno Nazionale RAU<\/strong>, <strong>da gioved\u00ec 7 a sabato 9 novembre<\/strong> <strong>2024, <\/strong>sar\u00e0 ospitato dall\u2019<strong>Universit\u00e0 di Siena,<\/strong> nella splendida e modernissima sede del Dipartimento di Giurisprudenza, nel cuore della citt\u00e0.<\/p>\n\n\n\n<p>Per noi \u00e8 un ritorno alle origini. Molte e molti di noi ricorderanno infatti che, oltre 30 anni fa, la nostra Associazione nasceva proprio l\u00ec, trainata dallo spirito di intraprendenza e dalla passione di Caterina Armini Tiravelli. Allora, come oggi, avevamo desiderio di aggiornamento e sentivamo la necessit\u00e0 di fare rete e di confrontarci per crescere e lavorare insieme. L\u2019evoluzione del sistema universitario e, conseguentemente, del ruolo dei responsabili amministrativi, ha fatto emergere ulteriori esigenze e, da alcuni anni, il nostro Convegno annuale \u00e8 orientato a una formazione ad ampio spettro, che intende offrire ai partecipanti una visione d\u2019insieme, unitamente a strumenti per un\u2019azione amministrativa pi\u00f9 incisiva e aderente ai diversi contesti universitari del Paese.<\/p>\n\n\n\n<p>Il <strong>XXXII Convegno RAU<\/strong> verter\u00e0 sugli sviluppi dell\u2019Intelligenza Artificiale e sulle conseguenze pratiche nel nostro lavoro quotidiano, cercando di fornire una \u201cbussola\u201d per orientarci in un contesto che cambia molto rapidamente e che chiede risposte e orientamento ai risultati.<\/p>\n\n\n\n<p>Il titolo del convegno \u00e8 <strong><em>Human touch 2.0: oltre l\u2019IA nell\u2019Universit\u00e0 del domani<\/em><\/strong><em>.<\/em> L\u2019evento vedr\u00e0 la partecipazione di relatrici e relatori di prestigio che affronteranno numerosi temi, esaminandone sia le opportunit\u00e0 che i rischi, inclusi gli aspetti etici.<\/p>\n\n\n\n<p>Il Convegno prevede inoltre uno spazio per l\u2019assemblea dei soci e ci dar\u00e0 occasione di visitare le <a href=\"https:\/\/vicobello.it\/\">Volte di Vico Bello<\/a> e il centro storico senese, patrimonio UNESCO.<\/p>\n\n\n\n<p>La scelta della sede ospitante \u00e8 stata perfettamente coerente con il tema del convegno. L\u2019Universit\u00e0 senese ha infatti un primato proprio nel campo dell\u2019IA: \u00e8 il primo ateneo in Italia ad avere sviluppato una politica di regolamentazione dell\u2019intelligenza artificiale in ambito accademico, fornendo una serie di principi utili a guidare docenti, studentesse e studenti in una nuova concezione di didattica.<\/p>\n\n\n\n<p>Ringraziamo il Magnifico Rettore e la Direttrice Generale dell\u2019Universit\u00e0 di Siena per l\u2019ospitalit\u00e0 e per il grande supporto all\u2019iniziativa. Un ringraziamento speciale va a Caterina Armini Tiravelli e a tutto lo staff del <em>Settore di supporto agli eventi culturali e convegnistici<\/em> dell\u2019Ateneo per la costante collaborazione nell\u2019organizzazione.<\/p>\n\n\n\n<p>Qui di seguito potete scaricare il <a href=\"https:\/\/www.congressi.unisi.it\/rau\/wp-content\/uploads\/sites\/158\/2024\/07\/RAU-programma.pdf\"><strong>programma di dettaglio<\/strong>.<\/a><\/p>\n\n\n\n<p><strong>Vi aspettiamo numerosi!!<\/strong><br><br>La Presidente&nbsp;<br>Maria Adele Savino<\/p>\n<\/div>\n\n\n\n<div class=\"wp-block-cover alignfull has-parallax\" style=\"padding-top:var(--wp--preset--spacing--50);padding-right:var(--wp--preset--spacing--50);padding-bottom:var(--wp--preset--spacing--50);padding-left:var(--wp--preset--spacing--50);min-height:100vh;aspect-ratio:unset;\"><span aria-hidden=\"true\" class=\"wp-block-cover__background has-base-background-color has-background-dim-0 has-background-dim\"><\/span><div class=\"wp-block-cover__image-background wp-image-11 has-parallax\" style=\"background-position:50% 50%;background-image:url(https:\/\/www.congressi.unisi.it\/rau\/wp-content\/uploads\/sites\/158\/2024\/06\/sfondo.png)\"><\/div><div class=\"wp-block-cover__inner-container has-global-padding is-layout-constrained wp-container-core-cover-is-layout-1 wp-block-cover-is-layout-constrained\">\n<p class=\"has-text-align-center has-large-font-size\"><\/p>\n<\/div><\/div>\n","protected":false},"excerpt":{"rendered":"<p>Siena, 7-9 novembre 2024 Presidio MattioliVia Pier Andrea Mattioli, 10 &#8211; 53100 Siena Care Colleghe, Cari Colleghi, come gi\u00e0 anticipato, quest\u2019anno il Convegno Nazionale RAU, da gioved\u00ec 7 a sabato 9 novembre 2024, sar\u00e0 ospitato dall\u2019Universit\u00e0 di Siena, nella splendida e modernissima sede del Dipartimento di Giurisprudenza, nel cuore della citt\u00e0. Per noi \u00e8 un [&hellip;]<\/p>\n","protected":false},"author":2,"featured_media":0,"parent":0,"menu_order":0,"comment_status":"closed","ping_status":"closed","template":"","meta":{"saved_in_kubio":false,"footnotes":""},"class_list":["post-9","page","type-page","status-publish","hentry"],"kubio_ai_page_context":{"short_desc":"","purpose":"general"},"_links":{"self":[{"href":"https:\/\/www.congressi.unisi.it\/rau\/wp-json\/wp\/v2\/pages\/9","targetHints":{"allow":["GET"]}}],"collection":[{"href":"https:\/\/www.congressi.unisi.it\/rau\/wp-json\/wp\/v2\/pages"}],"about":[{"href":"https:\/\/www.congressi.unisi.it\/rau\/wp-json\/wp\/v2\/types\/page"}],"author":[{"embeddable":true,"href":"https:\/\/www.congressi.unisi.it\/rau\/wp-json\/wp\/v2\/users\/2"}],"replies":[{"embeddable":true,"href":"https:\/\/www.congressi.unisi.it\/rau\/wp-json\/wp\/v2\/comments?post=9"}],"version-history":[{"count":16,"href":"https:\/\/www.congressi.unisi.it\/rau\/wp-json\/wp\/v2\/pages\/9\/revisions"}],"predecessor-version":[{"id":71,"href":"https:\/\/www.congressi.unisi.it\/rau\/wp-json\/wp\/v2\/pages\/9\/revisions\/71"}],"wp:attachment":[{"href":"https:\/\/www.congressi.unisi.it\/rau\/wp-json\/wp\/v2\/media?parent=9"}],"curies":[{"name":"wp","href":"https:\/\/api.w.org\/{rel}","templated":true}]}}

<div class="wp-block-group alignfull has-accent-2-background-color has-background has-global-padding is-layout-constrained wp-container-core-group-is-layout-2 wp-block-group-is-layout-constrained" style="margin-top:0;margin-bottom:0;padding-top:var(--wp--preset--spacing--50);padding-right:var(--wp--preset--spacing--50);padding-bottom:var(--wp--preset--spacing--50);padding-left:var(--wp--preset--spacing--50)">
<div class="wp-block-group alignwide has-global-padding is-layout-constrained wp-block-group-is-layout-constrained">
<div class="wp-block-columns alignwide is-layout-flex wp-container-core-columns-is-layout-1 wp-block-columns-is-layout-flex">
<div class="wp-block-column is-layout-flow wp-block-column-is-layout-flow" style="flex-basis:100%">
<figure class="wp-block-image aligncenter size-full is-resized is-style-rounded is-style-rounded--1"><img loading="lazy" decoding="async" width="772" height="195" src="https://www.congressi.unisi.it/rau/wp-content/uploads/sites/158/2024/06/rau-banner-loghi.png" alt="" class="wp-image-60" style="width:748px;height:auto"/></figure>



<p class="has-text-align-center has-x-large-font-size">Siena, 7-9 novembre 2024</p>



<p class="has-text-align-center has-large-font-size">Presidio Mattioli<br>Via Pier Andrea Mattioli, 10 &#8211; 53100 Siena</p>
</div>
</div>
</div>



<div style="height:var(--wp--preset--spacing--40)" aria-hidden="true" class="wp-block-spacer"></div>



<figure class="wp-block-image alignwide size-full is-style-rounded is-style-rounded--2"><img loading="lazy" decoding="async" width="1748" height="1240" src="http://www.congressi.unisi.it/rau/wp-content/uploads/sites/158/2024/06/foto-home.png" alt="" class="wp-image-10"/></figure>
</div>



<div class="wp-block-group alignfull has-base-background-color has-background is-vertical is-content-justification-stretch is-layout-flex wp-container-core-group-is-layout-3 wp-block-group-is-layout-flex" style="margin-top:0;margin-bottom:0;padding-top:var(--wp--preset--spacing--50);padding-right:var(--wp--preset--spacing--50);padding-bottom:var(--wp--preset--spacing--50);padding-left:var(--wp--preset--spacing--50)">
<p>Care Colleghe, Cari Colleghi,</p>



<p>come già anticipato, quest’anno il <strong>Convegno Nazionale RAU</strong>, <strong>da giovedì 7 a sabato 9 novembre</strong> <strong>2024, </strong>sarà ospitato dall’<strong>Università di Siena,</strong> nella splendida e modernissima sede del Dipartimento di Giurisprudenza, nel cuore della città.</p>



<p>Per noi è un ritorno alle origini. Molte e molti di noi ricorderanno infatti che, oltre 30 anni fa, la nostra Associazione nasceva proprio lì, trainata dallo spirito di intraprendenza e dalla passione di Caterina Armini Tiravelli. Allora, come oggi, avevamo desiderio di aggiornamento e sentivamo la necessità di fare rete e di confrontarci per crescere e lavorare insieme. L’evoluzione del sistema universitario e, conseguentemente, del ruolo dei responsabili amministrativi, ha fatto emergere ulteriori esigenze e, da alcuni anni, il nostro Convegno annuale è orientato a una formazione ad ampio spettro, che intende offrire ai partecipanti una visione d’insieme, unitamente a strumenti per un’azione amministrativa più incisiva e aderente ai diversi contesti universitari del Paese.</p>



<p>Il <strong>XXXII Convegno RAU</strong> verterà sugli sviluppi dell’Intelligenza Artificiale e sulle conseguenze pratiche nel nostro lavoro quotidiano, cercando di fornire una “bussola” per orientarci in un contesto che cambia molto rapidamente e che chiede risposte e orientamento ai risultati.</p>



<p>Il titolo del convegno è <strong><em>Human touch 2.0: oltre l’IA nell’Università del domani</em></strong><em>.</em> L’evento vedrà la partecipazione di relatrici e relatori di prestigio che affronteranno numerosi temi, esaminandone sia le opportunità che i rischi, inclusi gli aspetti etici.</p>



<p>Il Convegno prevede inoltre uno spazio per l’assemblea dei soci e ci darà occasione di visitare le <a href="https://vicobello.it/">Volte di Vico Bello</a> e il centro storico senese, patrimonio UNESCO.</p>



<p>La scelta della sede ospitante è stata perfettamente coerente con il tema del convegno. L’Università senese ha infatti un primato proprio nel campo dell’IA: è il primo ateneo in Italia ad avere sviluppato una politica di regolamentazione dell’intelligenza artificiale in ambito accademico, fornendo una serie di principi utili a guidare docenti, studentesse e studenti in una nuova concezione di didattica.</p>



<p>Ringraziamo il Magnifico Rettore e la Direttrice Generale dell’Università di Siena per l’ospitalità e per il grande supporto all’iniziativa. Un ringraziamento speciale va a Caterina Armini Tiravelli e a tutto lo staff del <em>Settore di supporto agli eventi culturali e convegnistici</em> dell’Ateneo per la costante collaborazione nell’organizzazione.</p>



<p>Qui di seguito potete scaricare il <a href="https://www.congressi.unisi.it/rau/wp-content/uploads/sites/158/2024/07/RAU-programma.pdf"><strong>programma di dettaglio</strong>.</a></p>



<p><strong>Vi aspettiamo numerosi!!</strong><br><br>La Presidente&nbsp;<br>Maria Adele Savino</p>
</div>



<div class="wp-block-cover alignfull has-parallax" style="padding-top:var(--wp--preset--spacing--50);padding-right:var(--wp--preset--spacing--50);padding-bottom:var(--wp--preset--spacing--50);padding-left:var(--wp--preset--spacing--50);min-height:100vh;aspect-ratio:unset;"><span aria-hidden="true" class="wp-block-cover__background has-base-background-color has-background-dim-0 has-background-dim"></span><div class="wp-block-cover__image-background wp-image-11 has-parallax" style="background-position:50% 50%;background-image:url(https://www.congressi.unisi.it/rau/wp-content/uploads/sites/158/2024/06/sfondo.png)"></div><div class="wp-block-cover__inner-container has-global-padding is-layout-constrained wp-container-core-cover-is-layout-1 wp-block-cover-is-layout-constrained">
<p class="has-text-align-center has-large-font-size"></p>
</div></div>

<p>Siena, 7-9 novembre 2024 Presidio MattioliVia Pier Andrea Mattioli, 10 &#8211; 53100 Siena Care Colleghe, Cari Colleghi, come già anticipato, quest’anno il Convegno Nazionale RAU, da giovedì 7 a sabato 9 novembre 2024, sarà ospitato dall’Università di Siena, nella splendida e modernissima sede del Dipartimento di Giurisprudenza, nel cuore della città. Per noi è un [&hellip;]</p>
