{"id":11,"date":"2024-02-17T09:10:56","date_gmt":"2024-02-17T08:10:56","guid":{"rendered":"http:\/\/www.congressi.unisi.it\/puccini\/?page_id=11"},"modified":"2024-03-06T13:57:21","modified_gmt":"2024-03-06T12:57:21","slug":"11-2","status":"publish","type":"page","link":"https:\/\/www.congressi.unisi.it\/puccini\/","title":{"rendered":""},"content":{"rendered":"\n<p style=\"text-align: justify;\">Il 2024 \u00e8 l\u2019anno del Centenario della morte di Giacomo Puccini (Lucca, 1858 \u2013 Bruxelles, 1924).<br \/>L\u2019Universit\u00e0 degli Studi di Siena, in collaborazione con il Centro Studi Giacomo Puccini, celebra la ricorrenza con un convegno a carattere interdisciplinare, al quale partecipano storici della lingua italiana, studiosi di letteratura, responsabili di archivi, filologi e musicologi (<a href=\"http:\/\/www.congressi.unisi.it\/puccini\/programma\/\">programma<\/a>).<br \/>Innovativo il tema del convegno. Argomento delle due giornate di studio, dedicate alla memoria di Luca Serianni, sono infatti le \u201clingue\u201d pucciniane: non solo la lingua dei libretti, ma anche la lingua e lo stile personale del Puccini scrittore (epistolario, poesie).<br \/>La veste \u201cletteraria\u201d del compositore, bench\u00e9 non ignota in precedenza, sar\u00e0 valorizzata in tutta la sua complessit\u00e0, anche alla luce delle nuove acquisizioni d\u2019archivio che hanno portato alla scoperta di documenti pucciniani inediti o addirittura sconosciuti.<br \/>Il convegno si svolger\u00e0 il 19 e 20 marzo 2024 presso il Santa Chiara Lab dell\u2019Universit\u00e0 degli Studi di Siena.<br \/>La sera del 19 marzo (ore 21) si terr\u00e0 un concerto presso l\u2019Accademia Musicale Chigiana (organizzato con la collaborazione del Centro Studi Giacomo Puccini e dell\u2019Opera della Metropolitana di Siena) con l\u2019esecuzione in prima assoluta di pagine inedite del Maestro (programma concerto).<\/p>\n","protected":false},"excerpt":{"rendered":"","protected":false},"author":2,"featured_media":0,"parent":0,"menu_order":0,"comment_status":"closed","ping_status":"closed","template":"","meta":{"saved_in_kubio":false,"footnotes":""},"class_list":["post-11","page","type-page","status-publish","hentry"],"kubio_ai_page_context":{"short_desc":"","purpose":"general"},"_links":{"self":[{"href":"https:\/\/www.congressi.unisi.it\/puccini\/wp-json\/wp\/v2\/pages\/11","targetHints":{"allow":["GET"]}}],"collection":[{"href":"https:\/\/www.congressi.unisi.it\/puccini\/wp-json\/wp\/v2\/pages"}],"about":[{"href":"https:\/\/www.congressi.unisi.it\/puccini\/wp-json\/wp\/v2\/types\/page"}],"author":[{"embeddable":true,"href":"https:\/\/www.congressi.unisi.it\/puccini\/wp-json\/wp\/v2\/users\/2"}],"replies":[{"embeddable":true,"href":"https:\/\/www.congressi.unisi.it\/puccini\/wp-json\/wp\/v2\/comments?post=11"}],"version-history":[{"count":2,"href":"https:\/\/www.congressi.unisi.it\/puccini\/wp-json\/wp\/v2\/pages\/11\/revisions"}],"predecessor-version":[{"id":32,"href":"https:\/\/www.congressi.unisi.it\/puccini\/wp-json\/wp\/v2\/pages\/11\/revisions\/32"}],"wp:attachment":[{"href":"https:\/\/www.congressi.unisi.it\/puccini\/wp-json\/wp\/v2\/media?parent=11"}],"curies":[{"name":"wp","href":"https:\/\/api.w.org\/{rel}","templated":true}]}}

<p style="text-align: justify;">Il 2024 è l’anno del Centenario della morte di Giacomo Puccini (Lucca, 1858 – Bruxelles, 1924).<br />L’Università degli Studi di Siena, in collaborazione con il Centro Studi Giacomo Puccini, celebra la ricorrenza con un convegno a carattere interdisciplinare, al quale partecipano storici della lingua italiana, studiosi di letteratura, responsabili di archivi, filologi e musicologi (<a href="http://www.congressi.unisi.it/puccini/programma/">programma</a>).<br />Innovativo il tema del convegno. Argomento delle due giornate di studio, dedicate alla memoria di Luca Serianni, sono infatti le “lingue” pucciniane: non solo la lingua dei libretti, ma anche la lingua e lo stile personale del Puccini scrittore (epistolario, poesie).<br />La veste “letteraria” del compositore, benché non ignota in precedenza, sarà valorizzata in tutta la sua complessità, anche alla luce delle nuove acquisizioni d’archivio che hanno portato alla scoperta di documenti pucciniani inediti o addirittura sconosciuti.<br />Il convegno si svolgerà il 19 e 20 marzo 2024 presso il Santa Chiara Lab dell’Università degli Studi di Siena.<br />La sera del 19 marzo (ore 21) si terrà un concerto presso l’Accademia Musicale Chigiana (organizzato con la collaborazione del Centro Studi Giacomo Puccini e dell’Opera della Metropolitana di Siena) con l’esecuzione in prima assoluta di pagine inedite del Maestro (programma concerto).</p>
