{"id":38,"date":"2018-01-08T13:13:24","date_gmt":"2018-01-08T12:13:24","guid":{"rendered":"http:\/\/www.congressi.unisi.it\/nationalsecurityhumanrights\/?page_id=38"},"modified":"2018-05-14T14:19:16","modified_gmt":"2018-05-14T12:19:16","slug":"venue","status":"publish","type":"page","link":"https:\/\/www.congressi.unisi.it\/nationalsecurityhumanrights\/venue\/","title":{"rendered":"Informazioni Generali"},"content":{"rendered":"<p><strong>Venue<\/strong><br \/>\n<a href=\"https:\/\/www.google.com\/maps\/@43.3127984,11.3321991,2a,73.7y,233.23h,89.17t\/data=!3m6!1e1!3m4!1snwiGtI_R708AAAAGO0Udfw!2e0!7i13312!8i6656\">Presidio Mattioli<\/a><br \/>\nvia Pier Andrea Mattioli, 10 &#8211; 53100 Siena<\/p>\n<p><strong>Comitato Scientifico<\/strong><br \/>\n&#8211; <a href=\"giandomenico.comporti@unisi.it\">Gian Domenico Comporti<\/a> (<em>Universit\u00e0 di Siena<\/em>)<br \/>\n&#8211; <a href=\"alessandro.palmieri@unisi.it\">Alessandro Palmieri<\/a> (<em>Universit\u00e0 di Siena<\/em>)<br \/>\n&#8211; <a href=\"mario.perini@unisi.it\">Mario Perini<\/a> (<em>Universit\u00e0 di Siena<\/em>)<br \/>\n&#8211; <a href=\"vittorio.santoro@unisi.it\">Vittorio Santoro<\/a> (<em>Universit\u00e0 di Siena<\/em>)<br \/>\n&#8211; <a href=\"pietro.sirena@unibocconi.it\">Pietro Sirena<\/a> (<em>Universit\u00e0 Bocconi<\/em>)<br \/>\n&#8211; <a href=\"marco.ventura@unisi.it\">Marco Ventura<\/a> (<em>Universit\u00e0 di Siena<\/em>)<\/p>\n<p><strong>Crediti Formativi<\/strong><br \/>\nL\u2019evento \u00e8 stato accreditato presso\u00a0 l\u2019Ordine degli Avvocati di Siena<br \/>\nSono stati attribuiti 12 crediti formativi<\/p>\n","protected":false},"excerpt":{"rendered":"<p>Venue Presidio Mattioli via Pier Andrea Mattioli, 10 &#8211; 53100 Siena Comitato Scientifico &#8211; Gian Domenico Comporti (Universit\u00e0 di Siena) &#8211; Alessandro Palmieri (Universit\u00e0 di Siena) &#8211; Mario Perini (Universit\u00e0 di Siena) &#8211; Vittorio Santoro (Universit\u00e0 di Siena) &#8211; Pietro Sirena (Universit\u00e0 Bocconi) &#8211; Marco Ventura (Universit\u00e0 di Siena) Crediti Formativi L\u2019evento \u00e8 stato accreditato&hellip;<\/p>\n<p class=\"read-more\"><a class=\"readmore-btn\" href=\"https:\/\/www.congressi.unisi.it\/nationalsecurityhumanrights\/venue\/\">Read More<span class=\"screen-reader-text\">  Read More<\/span><\/a><\/p>\n","protected":false},"author":2,"featured_media":0,"parent":0,"menu_order":0,"comment_status":"closed","ping_status":"closed","template":"","meta":{"saved_in_kubio":false,"footnotes":""},"class_list":["post-38","page","type-page","status-publish","hentry"],"kubio_ai_page_context":{"short_desc":"","purpose":"general"},"_links":{"self":[{"href":"https:\/\/www.congressi.unisi.it\/nationalsecurityhumanrights\/wp-json\/wp\/v2\/pages\/38","targetHints":{"allow":["GET"]}}],"collection":[{"href":"https:\/\/www.congressi.unisi.it\/nationalsecurityhumanrights\/wp-json\/wp\/v2\/pages"}],"about":[{"href":"https:\/\/www.congressi.unisi.it\/nationalsecurityhumanrights\/wp-json\/wp\/v2\/types\/page"}],"author":[{"embeddable":true,"href":"https:\/\/www.congressi.unisi.it\/nationalsecurityhumanrights\/wp-json\/wp\/v2\/users\/2"}],"replies":[{"embeddable":true,"href":"https:\/\/www.congressi.unisi.it\/nationalsecurityhumanrights\/wp-json\/wp\/v2\/comments?post=38"}],"version-history":[{"count":5,"href":"https:\/\/www.congressi.unisi.it\/nationalsecurityhumanrights\/wp-json\/wp\/v2\/pages\/38\/revisions"}],"predecessor-version":[{"id":133,"href":"https:\/\/www.congressi.unisi.it\/nationalsecurityhumanrights\/wp-json\/wp\/v2\/pages\/38\/revisions\/133"}],"wp:attachment":[{"href":"https:\/\/www.congressi.unisi.it\/nationalsecurityhumanrights\/wp-json\/wp\/v2\/media?parent=38"}],"curies":[{"name":"wp","href":"https:\/\/api.w.org\/{rel}","templated":true}]}}

<p><strong>Venue</strong><br />
<a href="https://www.google.com/maps/@43.3127984,11.3321991,2a,73.7y,233.23h,89.17t/data=!3m6!1e1!3m4!1snwiGtI_R708AAAAGO0Udfw!2e0!7i13312!8i6656">Presidio Mattioli</a><br />
via Pier Andrea Mattioli, 10 &#8211; 53100 Siena</p>
<p><strong>Comitato Scientifico</strong><br />
&#8211; <a href="giandomenico.comporti@unisi.it">Gian Domenico Comporti</a> (<em>Università di Siena</em>)<br />
&#8211; <a href="alessandro.palmieri@unisi.it">Alessandro Palmieri</a> (<em>Università di Siena</em>)<br />
&#8211; <a href="mario.perini@unisi.it">Mario Perini</a> (<em>Università di Siena</em>)<br />
&#8211; <a href="vittorio.santoro@unisi.it">Vittorio Santoro</a> (<em>Università di Siena</em>)<br />
&#8211; <a href="pietro.sirena@unibocconi.it">Pietro Sirena</a> (<em>Università Bocconi</em>)<br />
&#8211; <a href="marco.ventura@unisi.it">Marco Ventura</a> (<em>Università di Siena</em>)</p>
<p><strong>Crediti Formativi</strong><br />
L’evento è stato accreditato presso  l’Ordine degli Avvocati di Siena<br />
Sono stati attribuiti 12 crediti formativi</p>

<p>Venue Presidio Mattioli via Pier Andrea Mattioli, 10 &#8211; 53100 Siena Comitato Scientifico &#8211; Gian Domenico Comporti (Università di Siena) &#8211; Alessandro Palmieri (Università di Siena) &#8211; Mario Perini (Università di Siena) &#8211; Vittorio Santoro (Università di Siena) &#8211; Pietro Sirena (Università Bocconi) &#8211; Marco Ventura (Università di Siena) Crediti Formativi L’evento è stato accreditato&hellip;</p>
<p class="read-more"><a class="readmore-btn" href="https://www.congressi.unisi.it/nationalsecurityhumanrights/venue/">Read More<span class="screen-reader-text">  Read More</span></a></p>
