{"id":256,"date":"2018-07-20T09:30:21","date_gmt":"2018-07-20T07:30:21","guid":{"rendered":"http:\/\/www.congressi.unisi.it\/nationalsecurityhumanrights\/?page_id=256"},"modified":"2018-07-20T09:34:00","modified_gmt":"2018-07-20T07:34:00","slug":"andrea-manciulli","status":"publish","type":"page","link":"https:\/\/www.congressi.unisi.it\/nationalsecurityhumanrights\/andrea-manciulli\/","title":{"rendered":"Andrea Manciulli"},"content":{"rendered":"<p style=\"text-align: justify;\">Presidente della Delegazione italiana presso l\u2019Assemblea Parlamentare della NATO<\/p>\n<p style=\"text-align: justify;\">Andrea Manciulli \u00e8 nato a Piombino il 27 novembre 1969.<\/p>\n<p style=\"text-align: justify;\">Ha conseguito la laurea, con il massimo dei voti e la lode, in Storia moderna presso l\u2019Universit\u00e0 di Pisa, e ha seguito seminari di specializzazione in Storia Sociale e dell\u2019Alimentazione e in Storia Militare all\u2019\u00c9cole des Hautes \u00c9tudes en Sciences Sociales (EHESS) di Parigi.<br \/>\nEletto in Toscana alla Camera dei deputati alle elezioni del 24 e 25 Febbraio 2013, \u00e8 stato durante la XVII LegislaturaVice\u2013presidente della Commissione Affari esteri e comunitari e, dal maggio 2014, \u00e8 stato eletto Presidente della Delegazione italiana presso l\u2019Assemblea parlamentare della NATO. Nel novembre 2017 \u00e8 stato eletto Presidente del Gruppo Speciale Mediterraneo e Medio Oriente della Assemblea parlamentare della NATO.<br \/>\nPer l\u2019Assemblea parlamentare NATO \u00e8 stato relatore dei rapporti sul terrorismo di matrice jihadista intitolati &#8220;Daesh: La sfida alla sicurezza regionale e internazionale&#8221;; \u201cL\u2019espansione della minaccia di Daesh in Libia e nel Mediterraneo occidentale\u201d e \u201cLa minaccia di Isil\/Daesh e al Qaeda all\u2019Europa\u201d presentati nell\u2019ambito del seminario congiunto del gruppo Speciale Mediterraneo e Medio Oriente (GSM).<br \/>\nNel 2015 \u00e8 stato relatore presso la Camera dei deputati del Decreto-legge recante \u201cMisure urgenti per il contrasto del terrorismo\u201d (Dl 18 febbraio 2015, n. 7, convertito in Legge 17 aprile 2015, n. 43). A gennaio 2016 ha presentato, unitamente all\u2019on. Stefano Dambruoso, la proposta di legge &#8220;Misure per la prevenzione della radicalizzazione e dell&#8217;estremismo jihadista&#8221; (A.C.3558), approvata alla Camera nel mese di luglio 2017. Nel 2016 e 2017 \u00e8 stato relatore della Legge- quadro sulle missioni internazionali ed \u00e8 stato pi\u00f9 volte relatore in aula nel corso della XVII legislatura sulle missioni internazionali.<br \/>\nHa preso parte in qualit\u00e0 di Vice-presidente della Commissione Affari esteri della Camera della Delegazione parlamentare italiana all\u2019Assemblea Generale delle Nazioni Unite durante le riunioni del 2013, 2014, 2015 e 2016.<br \/>\nDurante la XVII Legislatura \u00e8 stato Presidente dell&#8217;Associazione interparlamentare di amicizia Italia-Francia.<br \/>\nTiene e ha tenuto lezioni su politiche di sicurezza e politica internazionale presso corsi di studio universitari e master, tra cui in particolare: Facolt\u00e0 di Scienze politiche \u201cCesare Alfieri\u201d di Firenze, Universit\u00e0 Lumsa, Universit\u00e0 della Tuscia, Master Luiss-Sole24 ore, C.A.S.D. &#8211; Centro Alti Studi della Difesa, e ha partecipato e partecipa a conferenze e convegni internazionali promossi da IAI, ISPI, CE.S.I, Centro Studi Americani, Fondazione Germani, Universit\u00e0 Link Campus, CEMISS, Festival della Diplomazia, NATO Defence College e NATO Defence College Foundation.<br \/>\nCollabora come autore con le riviste AIRPRESS e Formiche.<\/p>\n","protected":false},"excerpt":{"rendered":"<p>Presidente della Delegazione italiana presso l\u2019Assemblea Parlamentare della NATO Andrea Manciulli \u00e8 nato a Piombino il 27 novembre 1969. Ha conseguito la laurea, con il massimo dei voti e la lode, in Storia moderna presso l\u2019Universit\u00e0 di Pisa, e ha seguito seminari di specializzazione in Storia Sociale e dell\u2019Alimentazione e in Storia Militare all\u2019\u00c9cole des&hellip;<\/p>\n<p class=\"read-more\"><a class=\"readmore-btn\" href=\"https:\/\/www.congressi.unisi.it\/nationalsecurityhumanrights\/andrea-manciulli\/\">Read More<span class=\"screen-reader-text\">  Read More<\/span><\/a><\/p>\n","protected":false},"author":2,"featured_media":0,"parent":0,"menu_order":0,"comment_status":"closed","ping_status":"closed","template":"","meta":{"saved_in_kubio":false,"footnotes":""},"class_list":["post-256","page","type-page","status-publish","hentry"],"kubio_ai_page_context":{"short_desc":"","purpose":"general"},"_links":{"self":[{"href":"https:\/\/www.congressi.unisi.it\/nationalsecurityhumanrights\/wp-json\/wp\/v2\/pages\/256","targetHints":{"allow":["GET"]}}],"collection":[{"href":"https:\/\/www.congressi.unisi.it\/nationalsecurityhumanrights\/wp-json\/wp\/v2\/pages"}],"about":[{"href":"https:\/\/www.congressi.unisi.it\/nationalsecurityhumanrights\/wp-json\/wp\/v2\/types\/page"}],"author":[{"embeddable":true,"href":"https:\/\/www.congressi.unisi.it\/nationalsecurityhumanrights\/wp-json\/wp\/v2\/users\/2"}],"replies":[{"embeddable":true,"href":"https:\/\/www.congressi.unisi.it\/nationalsecurityhumanrights\/wp-json\/wp\/v2\/comments?post=256"}],"version-history":[{"count":3,"href":"https:\/\/www.congressi.unisi.it\/nationalsecurityhumanrights\/wp-json\/wp\/v2\/pages\/256\/revisions"}],"predecessor-version":[{"id":260,"href":"https:\/\/www.congressi.unisi.it\/nationalsecurityhumanrights\/wp-json\/wp\/v2\/pages\/256\/revisions\/260"}],"wp:attachment":[{"href":"https:\/\/www.congressi.unisi.it\/nationalsecurityhumanrights\/wp-json\/wp\/v2\/media?parent=256"}],"curies":[{"name":"wp","href":"https:\/\/api.w.org\/{rel}","templated":true}]}}

<p style="text-align: justify;">Presidente della Delegazione italiana presso l’Assemblea Parlamentare della NATO</p>
<p style="text-align: justify;">Andrea Manciulli è nato a Piombino il 27 novembre 1969.</p>
<p style="text-align: justify;">Ha conseguito la laurea, con il massimo dei voti e la lode, in Storia moderna presso l’Università di Pisa, e ha seguito seminari di specializzazione in Storia Sociale e dell’Alimentazione e in Storia Militare all’École des Hautes Études en Sciences Sociales (EHESS) di Parigi.<br />
Eletto in Toscana alla Camera dei deputati alle elezioni del 24 e 25 Febbraio 2013, è stato durante la XVII LegislaturaVice–presidente della Commissione Affari esteri e comunitari e, dal maggio 2014, è stato eletto Presidente della Delegazione italiana presso l’Assemblea parlamentare della NATO. Nel novembre 2017 è stato eletto Presidente del Gruppo Speciale Mediterraneo e Medio Oriente della Assemblea parlamentare della NATO.<br />
Per l’Assemblea parlamentare NATO è stato relatore dei rapporti sul terrorismo di matrice jihadista intitolati &#8220;Daesh: La sfida alla sicurezza regionale e internazionale&#8221;; “L’espansione della minaccia di Daesh in Libia e nel Mediterraneo occidentale” e “La minaccia di Isil/Daesh e al Qaeda all’Europa” presentati nell’ambito del seminario congiunto del gruppo Speciale Mediterraneo e Medio Oriente (GSM).<br />
Nel 2015 è stato relatore presso la Camera dei deputati del Decreto-legge recante “Misure urgenti per il contrasto del terrorismo” (Dl 18 febbraio 2015, n. 7, convertito in Legge 17 aprile 2015, n. 43). A gennaio 2016 ha presentato, unitamente all’on. Stefano Dambruoso, la proposta di legge &#8220;Misure per la prevenzione della radicalizzazione e dell&#8217;estremismo jihadista&#8221; (A.C.3558), approvata alla Camera nel mese di luglio 2017. Nel 2016 e 2017 è stato relatore della Legge- quadro sulle missioni internazionali ed è stato più volte relatore in aula nel corso della XVII legislatura sulle missioni internazionali.<br />
Ha preso parte in qualità di Vice-presidente della Commissione Affari esteri della Camera della Delegazione parlamentare italiana all’Assemblea Generale delle Nazioni Unite durante le riunioni del 2013, 2014, 2015 e 2016.<br />
Durante la XVII Legislatura è stato Presidente dell&#8217;Associazione interparlamentare di amicizia Italia-Francia.<br />
Tiene e ha tenuto lezioni su politiche di sicurezza e politica internazionale presso corsi di studio universitari e master, tra cui in particolare: Facoltà di Scienze politiche “Cesare Alfieri” di Firenze, Università Lumsa, Università della Tuscia, Master Luiss-Sole24 ore, C.A.S.D. &#8211; Centro Alti Studi della Difesa, e ha partecipato e partecipa a conferenze e convegni internazionali promossi da IAI, ISPI, CE.S.I, Centro Studi Americani, Fondazione Germani, Università Link Campus, CEMISS, Festival della Diplomazia, NATO Defence College e NATO Defence College Foundation.<br />
Collabora come autore con le riviste AIRPRESS e Formiche.</p>

<p>Presidente della Delegazione italiana presso l’Assemblea Parlamentare della NATO Andrea Manciulli è nato a Piombino il 27 novembre 1969. Ha conseguito la laurea, con il massimo dei voti e la lode, in Storia moderna presso l’Università di Pisa, e ha seguito seminari di specializzazione in Storia Sociale e dell’Alimentazione e in Storia Militare all’École des&hellip;</p>
<p class="read-more"><a class="readmore-btn" href="https://www.congressi.unisi.it/nationalsecurityhumanrights/andrea-manciulli/">Read More<span class="screen-reader-text">  Read More</span></a></p>
