{"id":105,"date":"2019-07-11T11:23:09","date_gmt":"2019-07-11T09:23:09","guid":{"rendered":"http:\/\/www.congressi.unisi.it\/crisis\/?page_id=105"},"modified":"2019-08-30T14:04:24","modified_gmt":"2019-08-30T12:04:24","slug":"18-settembre","status":"publish","type":"page","link":"https:\/\/www.congressi.unisi.it\/crisis\/18-settembre\/","title":{"rendered":"18 Settembre"},"content":{"rendered":"\n<p><strong>III SESSIONE: LA GESTIONE DEL SOVRAINDEBITAMENTO DEGLI STATI <br \/><\/strong><\/p>\n<p>9.30-13.00<strong><em> I Parte <\/em><\/strong>Le esperienze europee<\/p>\n<p>Relazione introduttiva: <strong>Andrea Pisaneschi <\/strong><\/p>\n<p><strong>Xenophon Kontiadis<\/strong> (Panteion University of Social and Political Sciences)<br \/><em>\u00a0\u201cFacing the financial crisis: the Greek constitutional experience\u201d<\/em><\/p>\n<p><strong>Teresa Violante<\/strong> (Max Planck Institute for Comparative Public Law and International Law)<br \/><em>\u201cFrom crisis to resilience: the financial assistance programme for Portugal\u201d<br \/><br \/><\/em><strong>Juan Ure\u00f1a Salcedo<\/strong> (Universidad de Val\u00e8ncia)<br \/><em>\u201cCrisis y transformaci\u00f3n del Estado: el caso espa\u00f1ol\u201d<\/em><br \/><br \/><strong>Simona Gherghina<\/strong> (University of Bucharest)<br \/><em>\u201cThe Limits of Legal Mechanisms Designed for Addressing the Financial <\/em><br \/><em>Crisis of the States &#8211; Experiences from the CEE Countries\u201d<\/em><\/p>\n<p>Conclusioni: <strong>Aldo Carosi<\/strong> (Corte costituzionale italiana)<\/p>\n<p>13.00 Pranzo<\/p>\n<p>14.30-19.00<strong><em> II Parte\u00a0 <\/em><\/strong>Le esperienze latinoamericane<\/p>\n<p>Introduzione: <strong>Elena Bindi <\/strong>(Universit\u00e0 di Siena)<br \/><br \/><strong>Thiago Matsushita<\/strong> (Pontif\u00edcia Universidade Cat\u00f3lica de S\u00e3o Paulo)<br \/><em>\u201cEl sistemas de gastos p\u00fablicos en Brasil&#8221;<\/em><br \/><br \/><strong>Dario Tropeano<\/strong> (Universidad Nacional del Comahue)<br \/><em>\u201cVigencia del pasado y presente del endeudamiento p\u00fablico argentino\u201d<br \/><\/em><br \/><strong>Oswaldo Santos<\/strong> (Universidad San Francisco de Quito)<br \/><em>\u201cFriend or Foe? A Brief History of the IMF&#8217;s interventions in Ecuador\u201d<\/em><\/p>\n<p><b>Floralba Padr\u00f3n Pardo, <\/b>Universidad Externado de Colombia\u00a0<br \/><em>\u201cLos mecanismos de control del endeudamiento estatal en Colombia\u201d<\/em><\/p>\n\n\n\n<p><\/p>\n","protected":false},"excerpt":{"rendered":"","protected":false},"author":5,"featured_media":0,"parent":0,"menu_order":0,"comment_status":"closed","ping_status":"closed","template":"","meta":{"saved_in_kubio":false,"footnotes":""},"class_list":["post-105","page","type-page","status-publish","hentry"],"kubio_ai_page_context":{"short_desc":"","purpose":"general"},"_links":{"self":[{"href":"https:\/\/www.congressi.unisi.it\/crisis\/wp-json\/wp\/v2\/pages\/105","targetHints":{"allow":["GET"]}}],"collection":[{"href":"https:\/\/www.congressi.unisi.it\/crisis\/wp-json\/wp\/v2\/pages"}],"about":[{"href":"https:\/\/www.congressi.unisi.it\/crisis\/wp-json\/wp\/v2\/types\/page"}],"author":[{"embeddable":true,"href":"https:\/\/www.congressi.unisi.it\/crisis\/wp-json\/wp\/v2\/users\/5"}],"replies":[{"embeddable":true,"href":"https:\/\/www.congressi.unisi.it\/crisis\/wp-json\/wp\/v2\/comments?post=105"}],"version-history":[{"count":14,"href":"https:\/\/www.congressi.unisi.it\/crisis\/wp-json\/wp\/v2\/pages\/105\/revisions"}],"predecessor-version":[{"id":303,"href":"https:\/\/www.congressi.unisi.it\/crisis\/wp-json\/wp\/v2\/pages\/105\/revisions\/303"}],"wp:attachment":[{"href":"https:\/\/www.congressi.unisi.it\/crisis\/wp-json\/wp\/v2\/media?parent=105"}],"curies":[{"name":"wp","href":"https:\/\/api.w.org\/{rel}","templated":true}]}}