{"id":18,"date":"2022-11-10T12:55:18","date_gmt":"2022-11-10T11:55:18","guid":{"rendered":"http:\/\/www.congressi.unisi.it\/aiucd2023\/?page_id=18"},"modified":"2023-05-20T07:14:07","modified_gmt":"2023-05-20T05:14:07","slug":"home","status":"publish","type":"page","link":"https:\/\/www.congressi.unisi.it\/aiucd2023\/","title":{"rendered":""},"content":{"rendered":"\n<p>L\u2019Associazione per l\u2019Informatica Umanistica e la Cultura Digitale&nbsp;(<a href=\"http:\/\/www.aiucd.it\/\" target=\"_blank\" rel=\"noreferrer noopener\">AIUCD<\/a>) \u00e8 lieta di annunciare la XII<sup>a<\/sup>&nbsp;edizione del proprio convegno annuale<\/p>\n\n\n\n<div class=\"wp-block-group\"><div class=\"wp-block-group__inner-container is-layout-flow wp-block-group-is-layout-flow\">\n<div class=\"wp-block-group\"><div class=\"wp-block-group__inner-container is-layout-flow wp-block-group-is-layout-flow\">\n<div class=\"wp-block-group\"><div class=\"wp-block-group__inner-container is-layout-flow wp-block-group-is-layout-flow\">\n<div class=\"wp-block-group\"><div class=\"wp-block-group__inner-container is-layout-flow wp-block-group-is-layout-flow\">\n<p style=\"text-align: center\"><strong>AIUCD 2023.\u00a0La memoria digitale<\/strong><\/p>\n<p class=\"has-text-align-center\" style=\"text-align: center\"><strong>Forme del testo e organizzazione della conoscenza<\/strong><\/p>\n<\/div><\/div>\n<\/div><\/div>\n<\/div><\/div>\n<\/div><\/div>\n\n\n\n<p>Il convegno si svolger\u00e0 dal 5 al 7 giugno 2023 a Siena, ed \u00e8 organizzato dal\u00a0Dipartimento di Filologia e critica delle letterature antiche e moderne\u00a0(<a rel=\"noreferrer noopener\" href=\"https:\/\/www.dfclam.unisi.it\/it\" target=\"_blank\">DFCLAM<\/a>), dal <a rel=\"noreferrer noopener\" href=\"https:\/\/www.centroideugsu.unisi.it\" target=\"_blank\">Centro interuniversitario di Studi Comparati i Deug-su<\/a>, con il supporto di <a rel=\"noreferrer noopener\" href=\"https:\/\/www.clarin-it.it\/it\" target=\"_blank\">CLARIN-IT<\/a>.<\/p>\n\n\n\n<p>Il convegno \u00e8 realizzato in collaborazione con i Dipartimenti di Ingegneria dell\u2019Informazione e Scienze Matematiche (<a rel=\"noreferrer noopener\" href=\"https:\/\/www.diism.unisi.it\/it\" target=\"_blank\">DIISM<\/a>), di Scienze sociali, politiche e cognitive (<a rel=\"noreferrer noopener\" href=\"https:\/\/www.dispoc.unisi.it\/it\" target=\"_blank\">DISPOC<\/a>) e di Scienze storiche e dei Beni Culturali (<a rel=\"noreferrer noopener\" href=\"https:\/\/www.dssbc.unisi.it\/it\" target=\"_blank\">DSSBC<\/a>) dell\u2019<a rel=\"noreferrer noopener\" href=\"https:\/\/www.unisi.it\/\" target=\"_blank\">Universit\u00e0 degli Studi di Siena<\/a>.<\/p>\n\n\n\n<p>Le lingue ufficiali del convegno sono l\u2019italiano e l\u2019<a href=\"http:\/\/www.aiucd2023.unisi.it\/en\/conference\/\">inglese<\/a>.<\/p>\n\n\n\n<p><\/p>\n","protected":false},"excerpt":{"rendered":"<p>L\u2019Associazione per l\u2019Informatica Umanistica e la Cultura Digitale&nbsp;(AIUCD) \u00e8 lieta di annunciare la XIIa&nbsp;edizione del proprio convegno annuale Il convegno si svolger\u00e0 dal 5 al 7 giugno 2023 a Siena, ed \u00e8 organizzato dal\u00a0Dipartimento di Filologia e critica delle letterature antiche e moderne\u00a0(DFCLAM), dal Centro interuniversitario di Studi Comparati i Deug-su, con il supporto di &hellip; <a href=\"https:\/\/www.congressi.unisi.it\/aiucd2023\/\" class=\"more-link\">Leggi tutto<span class=\"screen-reader-text\"> &#8220;&#8221;<\/span><\/a><\/p>\n","protected":false},"author":2,"featured_media":0,"parent":0,"menu_order":0,"comment_status":"closed","ping_status":"closed","template":"","meta":{"saved_in_kubio":false,"footnotes":""},"class_list":["post-18","page","type-page","status-publish","hentry"],"kubio_ai_page_context":{"short_desc":"","purpose":"general"},"_links":{"self":[{"href":"https:\/\/www.congressi.unisi.it\/aiucd2023\/wp-json\/wp\/v2\/pages\/18","targetHints":{"allow":["GET"]}}],"collection":[{"href":"https:\/\/www.congressi.unisi.it\/aiucd2023\/wp-json\/wp\/v2\/pages"}],"about":[{"href":"https:\/\/www.congressi.unisi.it\/aiucd2023\/wp-json\/wp\/v2\/types\/page"}],"author":[{"embeddable":true,"href":"https:\/\/www.congressi.unisi.it\/aiucd2023\/wp-json\/wp\/v2\/users\/2"}],"replies":[{"embeddable":true,"href":"https:\/\/www.congressi.unisi.it\/aiucd2023\/wp-json\/wp\/v2\/comments?post=18"}],"version-history":[{"count":23,"href":"https:\/\/www.congressi.unisi.it\/aiucd2023\/wp-json\/wp\/v2\/pages\/18\/revisions"}],"predecessor-version":[{"id":836,"href":"https:\/\/www.congressi.unisi.it\/aiucd2023\/wp-json\/wp\/v2\/pages\/18\/revisions\/836"}],"wp:attachment":[{"href":"https:\/\/www.congressi.unisi.it\/aiucd2023\/wp-json\/wp\/v2\/media?parent=18"}],"curies":[{"name":"wp","href":"https:\/\/api.w.org\/{rel}","templated":true}]}}